/(-18)?
37
Let f be (-1468)/(-8) - (-9)/6. Suppose f - 35 = 2*s. Suppose g - 39 = -5*d, 5*d = -3*g + 2 + s. List the prime factors of g.
19
Suppose 0 = 3*d - o - 5, o = 3*d - 2*o - 3. Let q be 65/30 + d/(-12). What are the prime factors of (-4*3)/((-1)/q)?
2, 3
Suppose 6*w - 8*w = 2*p - 2558, 0 = -3*w - 4*p + 3842. List the prime factors of w.
2, 7, 13
Suppose -192 = -4*i - 0*i. Suppose 312 = 8*w - i. List the prime factors of w.
3, 5
Suppose 2*i - l + 18 - 69 = 0, 4*l = -2*i + 76. Suppose 3*y - i = -y. Suppose 0 = -2*g - 3*q + 2*q + y, 4*q - 13 = -3*g. What are the prime factors of g?
3
List the prime factors of 12/(-28) + (-94)/(-7).
13
Let g(k) = 4 + 6*k - 3*k**2 + 4*k**2 - 2*k**2. Let d be g(6). Suppose -m = 4*m + 3*v - 65, -d*m + 79 = -3*v. List the prime factors of m.
2
Let a(y) = y + 13. Let p be a(-8). Let h(n) = 3*n**2 - 4*n + 2. Let b be h(2). Suppose b = p*l - 89. What are the prime factors of l?
19
Let a = 453 + 3093. List the prime factors of a.
2, 3, 197
Suppose -2*n - 3*n - 4*j = -11990, 0 = -2*n - 5*j + 4779. List the prime factors of n.
2, 1201
Suppose 2*a + 30 = -3*a. What are the prime factors of (-10 + 6/(-2))/(a/108)?
2, 3, 13
Suppose -962 - 2623 = 5*f - 5*s, -f - 723 = -4*s. Let w = f + 1001. List the prime factors of w.
2, 11, 13
Let d(k) = 3*k**3 - 12*k**2 + 20*k - 1. What are the prime factors of d(6)?
5, 67
Let d be (7*(-6)/(-126))/(2/66). Suppose -12*f + 81 = -d*f. What are the prime factors of f?
3
Suppose 2*n = 67 + 9. Let v = 118 - n. Suppose v = -0*h + 4*h. List the prime factors of h.
2, 5
Let a be (3 + -3)/(0 - -2). Let c be a/(12/4 - 4). Suppose -2*t = -c*t - 56. List the prime factors of t.
2, 7
Suppose 29*f - 10524 - 9225 = 0. What are the prime factors of f?
3, 227
Let v(b) = b**3 + b - 48. Suppose 5*u - 8*u = 0. Let k be v(u). Let h = -25 - k. List the prime factors of h.
23
Let h(p) be the first derivative of p**4/4 - 8*p**3/3 + 6*p**2 + 5*p - 9. List the prime factors of h(6).
5
Let y = 2343 - 655. What are the prime factors of y?
2, 211
Let u(g) = -g**2 + 3*g + 2. Let f be u(3). Suppose f*m + 24 = -3*a - m, 5*a + 39 = -4*m. What are the prime factors of a/(49/36)*-7?
2, 3
Let m(k) = 19*k**2 - k + 15. Let y = -140 + 144. What are the prime factors of m(y)?
3, 5, 7
Suppose 89 - 95 = -2*d. Suppose c - 312 = -2*y, d*y - 309 = c - 2*c. List the prime factors of c.
2, 3, 53
Let t be -2*(-12)/8 - -2. Suppose -t*g + 4*u = 10, 2 = -g - u - u. What are the prime factors of ((-1)/g)/(4/136)?
17
Suppose 3*d - 21 - 3 = 0. Suppose -3*q - k = -73, 0*k - 2*k = 2*q - 50. Let c = q - d. List the prime factors of c.
2
Let j be (-7 - -1)/((-3)/(-38)). Let w = j + 128. What are the prime factors of w?
2, 13
Let b(h) = h**2 + 67*h + 250. What are the prime factors of b(32)?
2, 1709
Suppose 24*c = 26992 + 8144. List the prime factors of c.
2, 3, 61
Let d(l) = 1066*l - 54. List the prime factors of d(3).
2, 3, 131
Suppose -7*j - 31 = 11. Let y(b) = -b**2 - 15*b - 9. List the prime factors of y(j).
3, 5
Suppose 5*v - 15 = 0, -11 = -5*l - 2*v + 15. Suppose 0 = -l*c - 2*w + 180, 4*c - 4*w - 192 = -0*w. What are the prime factors of c?
2, 23
Let t(h) = h**3 + 9*h**2 + 6*h - 3. Let u be t(-6). Let p be u/(-2) - (-2)/(-4). Let y = -10 - p. What are the prime factors of y?
5
Let y(h) = -h**2 + 83 - 73 + h + 7*h. List the prime factors of y(5).
5
Suppose 278*h = 284*h - 3246. List the prime factors of h.
541
Let v(k) = -30*k + 786. What are the prime factors of v(-58)?
2, 3, 421
Let u = 26 - 23. Suppose 48 = h - u*h. Let p = h - -44. What are the prime factors of p?
2, 5
Let z(g) = -2*g - 12. Let k be z(-5). List the prime factors of ((-17)/k)/((-1)/(-2)).
17
Suppose -2186 = -5*o + 2*o + 2*y, o - 4*y = 722. What are the prime factors of o?
2, 5, 73
Let o(a) = -a + 7. Let z(v) = v**2 - 4*v + 1. Let s be z(6). Let j be o(s). What are the prime factors of ((-9)/j)/((-6)/(-64))?
2
Let n(u) = u**2 + 2. Let r be n(-2). Let a = 9 - r. List the prime factors of a.
3
Let k(o) = -7*o**2 - 5*o - 2. Let x be k(-3). Let z be (-3)/9 + x/(-15). Suppose -13 + 4 = -z*j. List the prime factors of j.
3
Suppose 0 = -u + 5, -2*k + 8 + 11 = 3*u. Let m = 28 - 17. Suppose m = 5*v - k*w - w, -7 = 2*v - 5*w. List the prime factors of v.
2
Let c = 51 + -48. Suppose 82 = 4*g - c*g. List the prime factors of g.
2, 41
Suppose 2*f = f. Let x(o) = 1 + 5 + o + f*o. What are the prime factors of x(7)?
13
Let j be (-49)/(-14) + (-3)/2. Suppose -3*p - p + 160 = y, -3*y = -j*p + 94. What are the prime factors of p?
41
Let d(y) = 49*y**3 - y**2 + 2*y - 1. Let h(k) = k**3 + 5*k**2 + 4*k + 1. Let m(v) = -v + 4. Let c be m(8). Let l be h(c). What are the prime factors of d(l)?
7
Suppose -772 = -4*z - 4*d, 2*z - 4*z + 2*d + 398 = 0. What are the prime factors of z?
2, 7
Let j(f) = 3*f**2 - 11*f + 15. List the prime factors of j(12).
3, 5, 7
Let i(y) = y**3 + 18*y**2 - 7*y + 44. What are the prime factors of i(-14)?
2, 463
Let c(k) = -k**3 - k**2 + 12*k - 8. Suppose -5*r + 3*b - 29 + 8 = 0, 5*b + 39 = -4*r. List the prime factors of c(r).
2, 5
Let y = 39 + -42. Let i(a) = -7*a + 9. What are the prime factors of i(y)?
2, 3, 5
Let o = 88 - 48. Suppose -9*b + o = -4*b. What are the prime factors of (b/(-12))/((-6)/117)?
13
Let d be (2 + -5 + 3)*-1. Suppose d = -m + 2*m. Suppose -4*c + m*c + 24 = 0. List the prime factors of c.
2, 3
Suppose 0*k + 5*k + 2*h = 908, -184 = -k + 2*h. List the prime factors of (-4)/(-8)*k*1.
7, 13
Suppose 5*o - 19495 = -2*c, o + 3*c = 3656 + 243. What are the prime factors of o?
7, 557
Let y(w) = -2*w - 43. Let v be y(-20). List the prime factors of 9/v + -8 + 151.
2, 5, 7
Suppose q + h = -h + 1, -3*q - h = 7. Let l = 5 + q. Let v(o) = 2*o**2 - 3*o + 1. What are the prime factors of v(l)?
3
Suppose -3*d - 4*z - 46 = z, 0 = -d - 4*z - 20. Let r(j) = 3*j - 8*j - 13*j**2 - 10*j - j**3 - 15. What are the prime factors of r(d)?
3, 7
List the prime factors of -4 + (0 - 0) + 5 + 231.
2, 29
Let m be (-2)/6*(-4 + -5 + 30). What are the prime factors of (-469)/m - -3*1?
2, 5, 7
Suppose 5*r = -280 + 60. Let q = -1 - r. List the prime factors of q.
43
Let b(k) = -k**3 - 10*k**2 - 5*k - 14. Let n be b(-10). List the prime factors of (((-8)/10)/(-1))/(n/450).
2, 5
Let t(d) be the second derivative of -d**4/12 + 17*d**3/3 - 67*d**2/2 - 40*d. List the prime factors of t(29).
2, 3, 13
Suppose 3*d + h + 16 = 0, d - 3*h + 0 = 8. Suppose m = -3*m - 4*l + 72, -2*m + 2*l = -44. What are the prime factors of d/(m/(-9) - -2)?
2, 3
Suppose b + o - 2*o - 27 = 0, 2*o = -b + 24. Suppose -b = -4*l + 3*l. What are the prime factors of l?
2, 13
Suppose 7*y - 1027 - 7646 = 0. What are the prime factors of y?
3, 7, 59
Suppose -2*b + 23 = -3*t, 5 = 5*b - t - 20. Suppose 0 = 8*h - b*h - 788. What are the prime factors of h?
197
Suppose 3646 = 48*n - 46*n. List the prime factors of n.
1823
Let k(a) = -2*a**3 - 8*a**2 - 6*a - 3. Let h be k(-6). Let v = 41 + -37. Suppose v*q - h = 47. What are the prime factors of q?
2, 7
Let x = -1046 + 1607. List the prime factors of x.
3, 11, 17
Let z(p) = -p**2 - 5*p - 2. Let q be z(-5). List the prime factors of q/((-16)/1308) - 3/(-6).
2, 41
Let r be (-10)/(-15) + (-4)/6. Suppose r = 4*a - 12 - 4. Suppose 0*n - 20 = -a*n. What are the prime factors of n?
5
Let i = 34 - 26. List the prime factors of (-1168)/(-112) + i/14.
11
Let j(f) = 34 + 39*f + 31 - 60. What are the prime factors of j(4)?
7, 23
Let x = 5 - 2. List the prime factors of (-2937)/(-12) - x/4.
2, 61
Let k(h) = h + 13. Let v be k(13). Let r = v - 67. Let q = 12 - r. List the prime factors of q.
53
Suppose 2*h = 2*q - 92, -4*q - 3*h = -0*h - 163. Let b = -15 + q. List the prime factors of b.
2, 7
Let r(x) = x**3 + 10*x**2 - 51*x - 22. What are the prime factors of r(-13)?
2, 67
Let b(d) = -d**3 + 3*d**2 - 3*d + 2. Let s = 15 - 12. Let g be b(s). Let r = 12 - g. List the prime factors of r.
19
Suppose x = -18 - 108. Let o = x + 220. List the prime factors of o.
2, 47
Suppose 2*k - 7 - 5 = o, o + 17 = 3*k. What are the prime factors of (63 - k) + (1 - -3)?
2, 31
List the prime factors of 2 + -7 - 74*12/(-8).
2, 53
Let c = 1684 - 293. What are the prime factors of c?
13, 107
Let z(g) = -3*g - 4. Let l be z(-3). Suppose -12 = 2*i - l*i. Suppose 10 = m - i*t, 3 - 20 = -3*m - t. List the p